uate -1 + (1 - -6) + (16 - 22).
0
What is the value of (-19 - -19) + (-2 - -3)?
1
0 + 2 + -2 - (4 + -2)
-2
What is the value of (3 - 0) + 6 + -13 + 6?
2
(3 - 9) + (3 - 2) + 6
1
What is the value of 8 - (-1 + 4) - (3 - 0)?
2
Calculate (-2 - -6) + -8 + 0.
-4
What is 12 + -5 + -2 - 6?
-1
What is 8 + 3 - (2 - -2) - 4?
3
-2 + -5 + 4 + 0 - 1
-4
Calculate -2 - (2 + (0 - 5) - -5).
-4
What is -4 + (-1 + -2 - 1) - -4?
-4
What is the value of (3 - 2 - (2 + -1)) + 2?
2
What is the value of 1 - ((-2 - 3) + 8)?
-2
What is the value of -1 + -2 - (-8 - (3 + -14))?
-6
What is the value of 7 - (23 + -9 - 9)?
2
0 - ((-1 - -7) + 1)
-7
What is the value of (-5 - 1) + 12 - 7?
-1
Calculate -10 - 3 - -5 - -5.
-3
What is -9 - (-4 - -5 - 3)?
-7
Evaluate -14 + 13 + (9 - 2) + -3.
3
Evaluate (-1 - 0) + (-5 - (7 - 8)).
-5
0 - (11 + -7) - -6
2
1 + 1 - (-5 + 1 - -9)
-3
Evaluate 13 - 14 - (0 - (2 - 3)).
-2
-6 - ((-1 - 1) + (25 - 30))
1
Evaluate -14 + 12 + -1 + 0 + 4.
1
Evaluate -9 + 6 - (-1 - 1).
-1
-2 + (10 - 4) - (5 - -2)
-3
4 + (0 - 5) + -2 + 1
-2
Calculate 2 + (-6 - 3) - -5.
-2
Calculate 4 - -1 - 6 - 1.
-2
Calculate -4 + 3 + (-4 - -7) + -6.
-4
Calculate (1 - -2) + (3 - 1) + -1.
4
Evaluate 6 + (1 - -4 - 12).
-1
What is 2 - ((-3 - -2) + 4)?
-1
Evaluate -4 - (-1 + 1 + -1).
-3
What is the value of (3 - 0) + (-10 + 10 - 1)?
2
Evaluate 5 - (0 + (-6 - -4 - -2)).
5
Calculate (-5 - 4) + 4 - -4 - -5.
4
Evaluate 0 + (-11 - (-16 + -3)).
8
What is the value of 5 + (-6 - -3) + (-3 - 0)?
-1
Calculate (5 - 1 - 12) + (1 - -3).
-4
Evaluate 4 + 6 + -14 + 0.
-4
(-5 - (-15 + (-4 - -10))) + 2
6
Calculate -8 + 2 - (16 + -14).
-8
What is (-3 - 0) + (-5 - -5)?
-3
(-5 - 0 - -1) + (31 - 35)
-8
7 + (-2 - (14 - 8))
-1
What is (10 + -5 - 0) + 0?
5
Evaluate (7 - 15 - (-4 - -1)) + 0.
-5
Calculate (1 - (-5 - -5 - 3)) + -2.
2
-1 + 6 - -5 - 3
7
Evaluate -2 + 1 + (-1 - 1) + 0.
-3
15 + -10 + -3 + 1
3
Calculate 12 - (-8 + (4 - -16 - 6)).
6
Calculate 12 + -6 + (-5 - -2).
3
What is the value of 8 + -6 + (-1 - 3)?
-2
What is the value of (3 - 0 - 10) + (-24 - -42)?
11
What is the value of (-2 - -6) + 1 + -19 + 3?
-11
What is the value of 1 + -1 + (5 + -2 - 0)?
3
2 + (0 + 3 - 7)
-2
Calculate -5 - (8 - 15 - (1 - 0)).
3
-16 + (-10 - -15) - -17
6
Evaluate 4 + 2 + -1 + -8.
-3
What is 0 + (-7 - -13 - (1 - -7))?
-2
What is the value of -1 - (1 - 3) - -1 - 7?
-5
Evaluate 44 + -36 + (-3 - -3).
8
What is (-13 - 6) + 11 + (2 - -2)?
-4
Calculate 6 + (-3 + -7 - 0).
-4
What is the value of 0 + -10 + 3 + 6?
-1
Calculate (1 - 5) + 3 + 5.
4
What is the value of (4 + -4 - 6) + (3 - 8)?
-11
What is -1 - (-2 + -1) - (-1 - -1)?
2
(0 + -2 + 0 - -2) + -2
-2
What is the value of 5 + (-7 - -14 - 15 - -12)?
9
Evaluate (-65 - -59) + 1 + 11.
6
What is the value of 8 + -1 - 4 - 1?
2
What is 5 + (1 - 2) + 2 + -1?
5
What is (10 - 1) + -9 + 3?
3
-2 - (-1 + (-7 - -8))
-2
What is (-9 - (-13 - -9)) + 1?
-4
What is 0 - ((6 - (12 + -8)) + 0)?
-2
0 + (5 - 4) + -5
-4
(-4 - (-4 + (5 - 4))) + 5
4
(3 - (10 + -10)) + -3
0
3 - 2 - -1 - (3 - -1)
-2
Calculate -2 - ((4 + -7 - -3) + -5).
3
What is the value of 0 + 3 + 0 + (1 - -3)?
7
What is the value of -1 + -1 - (3 - (-4 + 9))?
0
What is the value of (-6 + 19 - -2) + -8 + -1?
6
Calculate -2 - (1 - -2 - (-3 + 4)).
-4
1 - 3 - (6 - 3)
-5
What is -8 - (8 - 3 - 7) - -6?
0
-14 + -2 + 8 + 5
-3
Evaluate (2 - (-2 - (-4 + 3))) + -8.
-5
What is the value of (27 + -23 - (6 + 0)) + -5?
-7
What is (-11 - -6) + 0 + 2 - -1?
-2
Evaluate -7 + 1 + 2 - (2 - 2).
-4
What is -4 + 9 + -3 + (0 - 6)?
-4
Evaluate 3 - (5 + -4 + -4 + 1).
5
Calculate -17 + 15 + 2 + -1.
-1
What is (-1 - 0) + -12 + (7 - 2)?
-8
Calculate (-7 - 0) + (12 - (-10 + 7)).
8
What is -4 - (3 - (10 - 2))?
1
What is -1 + 0 - (1 + (-4 - 0))?
2
What is the value of -72 + 73 - (2 + 0 + 4)?
-5
What is the value of (6 + -3 - 0) + -2 + 3?
4
Evaluate (4 - (-1 + 9)) + 3.
-1
What is (2 - 4) + (6 - 2 - 5)?
-3
What is the value of 2 + (-3 - -6 - 6)?
-1
Evaluate 4 + 3 + -4 + 0.
3
What is -5 + -4 + (-9 - -28)?
10
Calculate -9 + 2 + 3 + -3.
-7
Calculate -7 - 4 - -21 - 9.
1
-4 + (-1 - -2) + 1 + -1
-3
(0 - 4) + -3 - (9 - 11)
-5
What is 2 + (-7 + 15 - 12)?
-2
What is the value of 3 + -2 + 8 - (-2 - -6)?
5
Calculate (-14 - -23) + (-1 - 1) + -5.
2
What is the value of -2 - (-6 + (0 - 3))?
7
What is 7 + -8 + (9 - 8 - -2)?
2
Calculate 3 - 5 - (-1 - 0 - 3).
2
Evaluate -2 + -1 + -1 + 3 - -1.
0
What is the value of (6 - (6 - -5)) + 1 + -1?
-5
What is -1 + 14 - (-112 - -130)?
-5
Calculate -1 + 6 - (-3 + 1).
7
What is (6 - 4 - 6) + 9?
5
Evaluate -6 - (6 - 1 - (21 - 21)).
-11
Calculate (4 - 4) + -5 - -3.
-2
What is the value of -6 + 12 - (2 - (-3 + 3))?
4
0 + (-2 - -4) - (3 + -4)
3
What is the value of 3 - (9 + 2 + -7) - 4?
-5
What is 4 + 3 + (3 - 3)?
7
Evaluate 13 + -11 + (1 - -2).
5
Calculate 1 + -4 - (3 + (5 - 6)).
-5
What is the value of -5 + -5 + (20 - (-2 - -7))?
5
What is the value of -4 + (15 - 0) - (6 - 2)?
7
What is (0 - -3) + -6 - (-7 + 8)?
-4
What is 7 - 8 - (0 - 2)?
1
Calculate -1 - -8 - (2 - 0).
5
What is 3 + 2 + 3 + -12 + 9?
5
What is -1 + 1 + -2 + -1 + -1?
-4
Calculate 0 - (-2 + -8 - -1).
9
What is (10 - 7) + -3 - -5 - 12?
-7
Calculate -13 - -5 - (-6 - -1).
-3
Evaluate -4 + (-4 + 12 - 5).
-1
Calculate (1 - 1) + -3 + -1 + 1.
-3
What is the value of -3 - (2 + 2 - 7)?
0
Evaluate -4 + (-7 - -3) + 5.
-3
Evaluate (-4 - -6) + 2 + -5 - -3.
2
What is -9 - 0 - (155 - 158)?
-6
Calculate 5 + (3 - 11 - -4).
1
Evaluate -3 - (8 + -8) - -2.
-1
What is the value of 3 - (4 + -4 + 4 - -3)?
-4
What is the value of 3 + (3 - 2) - (2 - 2)?
4
5 + (27 + -23 - (4 - -1))
4
-7 + 1 + 0 + -12 + 16
-2
What is 1 + 3 + -1 - -1 - 4?
0
What is -4 + (0 + 1 + 0 - -4)?
1
What is the value of (-4 - -7 - 6) + 4 + -7?
-6
Calculate 0 - (3 + (3 - 6)).
0
Evaluate -4 + 0 + 2 + (1 - 2).
-3
What is the value of 0 + 5 + (2 - 11)?
-4
Evaluate (-4 + 8 - 0 - 3) + 2.
3
What is the value of 3 + -14 + 17 + -11?
-5
What is the value of 10 + 10 + -24 + 1?
-3
Evaluate (-1 + 1 - 0) + (-11 - -8).
-3
Evaluate -1 - (-15 - -6) - 5.
3
Calculate -1 + -2 + (4 - 5).
-4
What is 0 + 4 + 0 + (37 - 37)?
4
What is -4 - (3 + -4) - -2?
-1
-1 + 3 + -2 + -1
-1
Evaluate -7 + (-5 - -4) - -8.
0
Calculate 18 - (-5 - 5 - -22).
6
What is -3 - ((1 - 3) + 0 + -6)?
5
5 - 5 - 0 - 2
-2
Calculate (2 - 1) + (9 - 5).
5
What is the value of 1 + -3 - (0 + 0)?
-2
1 - -3 - -1 - 7
-2
Calculate -9 + (4 + -3 - -4).
-4
What is the value of (4 - (-1 + (1 - -2))) + -1?
1
What is -4 - (4 + -6 + -3 + 1)?
0
What is the value of -4 - (2 + 0) - -3?
-3
6 + -12 + (-1 - -2)
-5
What is (1 - -3) + -8 + (-2 - -8)?
2
(1 - 1) + 0 + 65 + -62
3
Calculate (1 - -7 - 7) + 0.
1
Calculate (3 - -3) + -8 + (-1 - 5).
-8
Evaluate 0 + 0 + (-3 - 1).
-4
Calculate 2 + (1 - 2) + 8 + -5.
4
What is the value of (0 - (0 - -5)) + 9 + -1?
3
What is the value of 1 + (6 - (0 + 4))?
3
Calculate 10 + -4 + 5 + (3 - 21).
-7
What is 2 - (0 - -7 - (-43 + 41))?
-7
Evaluate -9 - (-1 - (-6 + 12 + -3)).
-5
Calculate 10 + 4 + -9 - 1.
4
(7 - 16 - -8) + -4
-5
Evaluate -2 + -6 + 6 + 3.
1
What is -9 + 20 + -6 - (6 + -1)?
0
Evaluate 1 + -5 - (-1 + 6 - 12).
3
What is -3 + 1 - (1 + -2)?
-1
Evaluate 0 - (-5 - (0 - 1 - 1)).
3
Calculate -2 - (-1 + (2 - -1)).
-4
Calculate (-9 + 12 - 1) + (-1 - 4).
-3
What is -3 + (-3 - -5) - -7 - 1?
5
(-2 + -3 - 4) + 4
-5
What is the value of 13 + (0 - (14 + -7))?
6
What is 1 - (8 - 4 - 5)?
2
1 + 2 + 0 - 6
-3
What is the value of (0 - -1) + 29 + -27?
3
Evaluate (-1 - 1) + (-9 - 4 - -10).
-5
(-1 - (-1 + 8)) + 8
0
What is 1 + (0 - -1) + 0 + 5?
7
Evaluate -2 + 4 + -4 + 5 + -2.
1
5 - (11 - (-1 + 6))
-1
What is 10 - 9 - (4 - 0)?
-3
Evaluate -2 - (-1 - (-12 - -12)).
-1
Evaluate -1 + (3 - 7) + 1 + 4.
0
Calculate -7 - (1 - 3 - 0).
-5
What is -8 + (-3 - -3) - -5?
-3
5 + -2 - (-3 + 8 + -1)
-1
What is -9 - (-9 + -8) - 3?
5
Calculate -1 + 10 - (27 - 20).
2
1 - (3 - -1 - (-18 - -22))
1
Calculate (0 - (2 - 0)) + 7.
5
Evaluate (6 + 1 - 1) + -4.
2
Evaluate 3 + -1 + (1 - 8).
-5
Evaluate (-1 - -3) + (10 - (1 + 3)).
8
Calculate (7 - 1) + (-4 - (-12 + 8)).
6
Evaluate 2 - (0 - -19) - (-7 - 1).
-9
Calculate -2 - -1 - (0 + 0 + 3).
-4
What is the value of -459 + 453 + 5 + 0 + 0?
-1
Calculate -3 - 3 - (5 + (2 - 5)).
-8
What is the value of 0 + 14 - (316 - 302)?
0
What is 0 + 1 + (-4 + 0 - -1)?
-2
Calculate -3 - (3 + 